- 23 = -p + v. Let f = p + -9. Calculate the greatest common divisor of 56 and f.
8
Suppose 524 = 4*t - n - 1238, -3*n = -4*t + 1758. What is the highest common divisor of 18 and t?
9
Suppose -k - m + 29 = 0, -5*k + 3*m + 156 = 3. Let y = 39 - k. Calculate the highest common factor of y and 2.
1
Suppose 7*f - 583 = -198. Suppose -72 = 2*p + 5*h, -3*p - 121 = h - 0. Let y = 63 + p. What is the highest common factor of f and y?
11
Suppose 2*m + 65 - 21 = 4*f, 5*f + 4*m = 68. Suppose a = -0 + f. Let b be (-1 - -7)/(0 + 1). Calculate the greatest common divisor of b and a.
6
Suppose -c - 3*k + 12 = 0, -2*c + 0*k + 45 = -k. Suppose 4*m = -3*a + 457, -m + 2 = 2*a - 296. What is the highest common divisor of c and a?
21
Let a = -68 + 76. Let b = a + 24. Calculate the highest common divisor of 352 and b.
32
Let s be (-1)/(-2)*(6 + -12). Let t = s + 5. Let u = t + 14. Calculate the highest common divisor of 24 and u.
8
Let k be -26 - (-3 + (3 - 1)). Let x = k - -29. Suppose -58 = -x*v - 2. Calculate the highest common factor of 70 and v.
14
Let g = 56 - 21. Suppose 0 = 2*j + r - 45, 0 = 3*j + 8*r - 4*r - 75. Calculate the greatest common factor of g and j.
7
Suppose 1 = 3*u - 5, 2*u = 4*t - 356. Let x(n) = -n**2 + 9*n - 4. Let b be x(7). What is the highest common factor of t and b?
10
Let g be 1416/295 - -4*(-1)/5. Calculate the greatest common factor of 6 and g.
2
Let d = 177 + -97. Let u be 1 - 0 - (0 + 65). Let c = u - -80. Calculate the greatest common factor of d and c.
16
Let i be ((-36)/5)/(2/(-15)). Let g be ((-6)/(-3) + -1)*8. Suppose -3*l + g*l - 5*r - 40 = 0, -3*l + 14 = 2*r. Calculate the highest common divisor of i and l.
6
Let r = 299 + -255. What is the greatest common factor of r and 22?
22
Let a = -15 - -50. Suppose -5*n + 5*l + 15 = 0, -2*n + 5*l - 3 = -0*n. Let c be (20/8)/(3/n). What is the greatest common divisor of a and c?
5
Let q(w) = w - 9. Let d be q(17). Suppose 0 - 4 = -x. What is the highest common divisor of d and x?
4
Suppose 5*k - 61 + 1 = 0. Let p = k - 9. Suppose -p*t + 16 = t. Calculate the highest common divisor of 4 and t.
4
Let s(c) = c**3 + 13*c**2 + 8*c - 6. Let k(v) = -v - 18. Let j be k(-6). Let g be s(j). Calculate the greatest common divisor of g and 28.
14
Let u = 62 - 56. Suppose r + u = -2*p + 3*r, 3*p + 4 = 2*r. Calculate the greatest common divisor of p and 14.
2
Let v = -1572 + 2452. Calculate the greatest common factor of v and 110.
110
Let o = 11 - -13. Let y = 9 + -6. Calculate the highest common divisor of y and o.
3
Let x = -79 + 83. Let j be 0 - 3 - 20/(-4). Let g be j/(4/6) + 7. What is the greatest common factor of g and x?
2
Let j = -1049 + 1172. Calculate the greatest common factor of j and 533.
41
Let m = -166 + 268. What is the highest common divisor of m and 663?
51
Let t(f) = 4*f + 14*f**2 - 5*f - 10*f**2 - 4*f - 8 + f**3. Let j be t(-4). Calculate the greatest common factor of 24 and j.
12
Let x(n) = -2*n**2 + 6*n + 4. Let j be x(-4). Let y = j + 66. Calculate the highest common divisor of y and 2.
2
Let h(u) be the first derivative of 3*u**2 - 60*u - 18. Let n be h(20). Calculate the highest common divisor of 12 and n.
12
Suppose 60 = -7*x + 2*x. Let k be 144 - (-4 - x/4). What is the greatest common factor of k and 29?
29
Let z(s) be the third derivative of 1/30*s**5 + 0*s - 7/24*s**4 + 0 + 11/6*s**3 + 6*s**2. Let n be z(7). Calculate the greatest common factor of n and 24.
12
Let j = -971 - -1075. Calculate the greatest common divisor of 65 and j.
13
Suppose -609 - 231 = -6*g. What is the highest common divisor of g and 80?
20
Let z = 20 + -29. Let l = -1 - z. Let t = 14 - l. What is the greatest common divisor of t and 48?
6
Let d(a) = -3*a**2 + 239*a + 845. Let y be d(83). Let w = 29 - 15. Let z be 88/w + 2/(-7). What is the highest common factor of y and z?
3
Let l be (-1)/((-3)/(-6)) - -7. Let t(r) = r**2 + 13*r + 52. Let o be t(-16). Suppose 0*z + o = l*z. What is the highest common divisor of z and 2?
2
Let z = 12 - 8. Let p be z/(-10) - 6/(-15). Suppose p = q + q + 5*a - 154, -4*a + 224 = 3*q. Calculate the greatest common divisor of 8 and q.
8
Let t(l) = l**2 + l + 2. Let f be t(0). Suppose -b = -f, -8 - 8 = -2*a - 4*b. Suppose -16*i = -219 - 37. What is the highest common divisor of i and a?
4
Let g = -181 + 205. What is the highest common factor of 9 and g?
3
Suppose -3*v - 35 = -4*h, -2*h - 4*v - 7 - 3 = 0. Let w be 132/4 - (-4 + 3 + -1). Calculate the greatest common divisor of h and w.
5
Let f(w) = -w**3 - 5*w**2 + 5*w + 13. Let s be f(-8). What is the greatest common divisor of 55 and s?
55
Suppose 15*z = 13*z + 480. Suppose 2*f - 3*o = 93, 0 = -4*f - 3*o + 4*o + 191. Calculate the highest common divisor of f and z.
48
Let o = 67 + -48. Let i = 929 + -509. Suppose 5*g + i = 1465. Calculate the greatest common divisor of g and o.
19
Let o = -553 + 613. Calculate the highest common divisor of o and 1380.
60
Let s = 228 + -181. Calculate the greatest common factor of s and 517.
47
Let h = -575 + 449. Let x be -1 - (-374)/(2 - 0). Let i = x + h. What is the greatest common divisor of 24 and i?
12
Let u be (-4 + 1)/(49/(-588)). What is the greatest common factor of 342 and u?
18
Let c(h) = -2*h + 5. Let q be c(-15). Let m(p) = p**2 - 2. Let y(d) = d - 1. Let w be y(4). Let x be m(w). What is the greatest common divisor of x and q?
7
Suppose d + 54 = -2*z + 3*d, -2*z + d = 50. Let y = z - -53. Suppose 2*h + 5*a = -1, -26 - 39 = -5*h + a. What is the highest common divisor of y and h?
6
Let l(f) = -f + 15. Let a be l(0). Let i(h) = 26*h - 4. Let g be i(-4). Let p = -48 - g. What is the greatest common factor of a and p?
15
Let d be 115/(-20) + (-1)/4. Let h be (d/15)/((-2)/10). Calculate the highest common factor of h and 16.
2
Suppose 3652 = -101*w + 13348. What is the greatest common divisor of w and 96?
96
Suppose 4*g + 412 = 5*d, g = d - 2*g - 89. Let i be (-3)/(-3) - (0 - 0). Let u = i + d. Calculate the greatest common divisor of 9 and u.
9
Let r(p) = -p**2 + 9*p + 2. Suppose -4*v + 2*n + 23 = 5, -n = -5*v + 30. Let c be r(v). Calculate the highest common divisor of 144 and c.
16
Let n be (2 - 4) + -69 - 1. Let d = -37 - n. What is the greatest common factor of d and 5?
5
Let y = -2 + 3. Suppose -10*p + 8*p + 2 = -2*b, -b = 4*p - 4. What is the highest common divisor of y and p?
1
Let k(o) = 274*o + 4. Let t be k(2). Suppose 10*z + 2*z = t. What is the greatest common divisor of z and 115?
23
Let w(x) = 3*x. Let y be w(4). Suppose 4*c + y = 4*z + 72, -2*z - 10 = 0. Calculate the greatest common divisor of c and 80.
10
Suppose -19*o + 168 = -41. Suppose 0 = -2*h + 103 + 7. What is the highest common divisor of o and h?
11
Let v be (-5)/(-15) - (2368/12 - -3). Let m = v - -382. What is the highest common factor of 26 and m?
26
Let z(v) = -16 - 9*v - 10*v + 16*v. Let y be z(-6). What is the greatest common divisor of 3 and y?
1
Suppose -2*x = z + 22, 0*z + 3*z + 94 = x. Let v = z + 78. Calculate the highest common divisor of v and 16.
16
Let t be (-2)/(-3) + 20/6. Suppose 0*w + 2*w + 198 = 4*h, 0 = -t*w - 12. Suppose 46*a - 698 - 928 = -522. What is the greatest common factor of a and h?
24
Let w(c) = 4*c. Suppose -4*z + 3*z = v, -v + 1 = 2*z. Let q be w(z). Let d = -743 + 759. Calculate the greatest common divisor of q and d.
4
Let k(w) = 44*w**2. Let c = 33 - 32. Let z be k(c). Suppose -34 = -5*b + 21. What is the greatest common factor of z and b?
11
Let o = -460 - -580. Let n = 13 + -8. Let w be -9*(-3)/9*n. What is the greatest common divisor of w and o?
15
Let u be (2/(-4))/((-2)/(-548)). Let p be (-269 - 4) + 2 + -2. Let m = u - p. What is the greatest common factor of m and 17?
17
Suppose -4*t = -9*t + 165. Suppose -6*o = 4*a - o - t, -a - 5*o - 3 = 0. Let j = 112 + -108. What is the highest common factor of a and j?
4
Let b(c) = -c + 5. Let i be b(2). Suppose -r + 0 = -1. Let o(f) = 2*f**3 + 2*f**2 - f. Let v be o(r). What is the greatest common divisor of i and v?
3
Let i = -31 + 32. Suppose -k = -4*w - 0*w - i, 3*k - 2*w - 3 = 0. Calculate the greatest common divisor of k and 11.
1
Suppose -4*q + 433 = 5*c, 13*q - 9*q + 3*c = 439. What is the greatest common divisor of q and 192?
16
Let l(r) = r**2 - 5*r - 12. Let t(q) = -q + 15. Let w be t(3). Let p be l(w).